{"id":9,"date":"2022-11-30T13:33:58","date_gmt":"2022-11-30T13:33:58","guid":{"rendered":"https:\/\/chanhxemuoiteo.com\/?page_id=9"},"modified":"2022-12-21T04:20:27","modified_gmt":"2022-12-21T04:20:27","slug":"trang-chu","status":"publish","type":"page","link":"https:\/\/chanhxemuoiteo.com\/","title":{"rendered":""},"content":{"rendered":"<div class=\"vce-row-container\" data-vce-boxed-width=\"true\"><div class=\"vce-row vce-row--col-gap-30 vce-row-equal-height vce-row-content--top\" id=\"el-64605a87\" data-vce-do-apply=\"all el-64605a87\"><div class=\"vce-row-content\" data-vce-element-content=\"true\"><div class=\"vce-col vce-col--md-auto vce-col--xs-1 vce-col--xs-last vce-col--xs-first vce-col--sm-last vce-col--sm-first vce-col--md-last vce-col--lg-last vce-col--xl-last vce-col--md-first vce-col--lg-first vce-col--xl-first\" id=\"el-f2a23adb\"><div class=\"vce-col-inner\" data-vce-do-apply=\"border margin background  el-f2a23adb\"><div class=\"vce-col-content\" data-vce-element-content=\"true\" data-vce-do-apply=\"padding el-f2a23adb\"><div class=\"vce-single-image-container vce-single-image--align-left\"><div class=\"vce vce-single-image-wrapper\" id=\"el-8ff045d7\" data-vce-do-apply=\"all el-8ff045d7\"><figure><div class=\"vce-single-image-figure-inner\" style=\"width: 1024px;\"><div class=\"vce-single-image-inner vce-single-image--absolute\" style=\"width: 100{f554d0a15ce745e34edd29e85a4f88fe51ceb84714d99e9aa2d53833e80f7792}; padding-bottom: 50.8789{f554d0a15ce745e34edd29e85a4f88fe51ceb84714d99e9aa2d53833e80f7792};\"><img loading=\"lazy\" decoding=\"async\" class=\"vce-single-image\"  width=\"1024\" height=\"521\" srcset=\"https:\/\/chanhxemuoiteo.com\/wp-content\/uploads\/2022\/12\/banner10teo-1024x522.png 1024w, https:\/\/chanhxemuoiteo.com\/wp-content\/uploads\/2022\/12\/banner10teo-320x163.png 320w, https:\/\/chanhxemuoiteo.com\/wp-content\/uploads\/2022\/12\/banner10teo-480x245.png 480w, https:\/\/chanhxemuoiteo.com\/wp-content\/uploads\/2022\/12\/banner10teo-800x408.png 800w\" src=\"https:\/\/chanhxemuoiteo.com\/wp-content\/uploads\/2022\/12\/banner10teo-1024x522.png\" data-img-src=\"https:\/\/chanhxemuoiteo.com\/wp-content\/uploads\/2022\/12\/banner10teo.png\" data-attachment-id=\"55\"  alt=\"\" title=\"banner10teo\" \/><\/div><\/div><figcaption hidden=\"\"><\/figcaption><\/figure><\/div><\/div><\/div><\/div><\/div><\/div><\/div><\/div><div class=\"vce-row-container\" data-vce-boxed-width=\"true\"><div class=\"vce-row vce-row--col-gap-30 vce-row-equal-height vce-row-content--top\" id=\"el-f3da751a\" data-vce-do-apply=\"all el-f3da751a\"><div class=\"vce-content-background-container\"><\/div><div class=\"vce-row-content\" data-vce-element-content=\"true\"><div class=\"vce-col vce-col--md-auto vce-col--xs-1 vce-col--xs-last vce-col--xs-first vce-col--sm-last vce-col--sm-first vce-col--md-last vce-col--lg-last vce-col--xl-last vce-col--md-first vce-col--lg-first vce-col--xl-first\" id=\"el-ee7e4811\"><div class=\"vce-col-inner\" data-vce-do-apply=\"border margin background  el-ee7e4811\"><div class=\"vce-col-content\" data-vce-element-content=\"true\" data-vce-do-apply=\"padding el-ee7e4811\"><div class=\"vce-text-block\"><div class=\"vce-text-block-wrapper vce\" id=\"el-7b03e1df\" data-vce-do-apply=\"all el-7b03e1df\"><p style=\"text-align: center;\"><span style=\"font-size: 16pt;\"><strong>Nh\u1eadn v\u1eadn chuy\u1ec3n t\u1ea5t c\u1ea3 c\u00e1c m\u1eb7t h\u00e0ng b\u1eb1ng \u0111\u01b0\u1eddng b\u1ed9<\/strong><\/span><\/p>\n<p style=\"text-align: center;\"><em>( Tr\u1eeb h\u00e0ng c\u1ea5m, h\u00e0ng vi ph\u1ea1m ph\u00e1p lu\u1eadt )<\/em><\/p>\n<p><strong>V\u1edbi xe \u00f4 t\u00f4 t\u1ea3i t\u1eeb 2.500kg cho \u0111\u1ebfn \u00f4 t\u00f4 t\u1ea3i \u0111\u1ea7u k\u00e9o 40 feet.<\/strong><\/p>\n<p><strong>T\u1eeb&nbsp; TPHCM \u0111i c\u00e1c c\u1ea3ng, khu c\u00f4ng nghi\u1ec7p, c\u00e1c huy\u1ec7n, th\u1ecb tr\u1ea5n c\u1ee7a to\u00e0n T\u1ec9nh H\u1eadu Giang -Huy\u1ec7n Gi\u1ed3ng Ri\u1ec1ng, G\u00f2 Quao, T\u1ec9nh Ki\u00ean Giang v\u00e0 ng\u01b0\u1ee3c l\u1ea1i.<\/strong><strong>&nbsp;<\/strong><\/p>\n<ul>\n<li><strong>Th\u00e0nh Ph\u1ed1 V\u1ecb Thanh.<\/strong><\/li>\n<li><strong>Th\u00e0nh Ph\u1ed1 Ng\u00e3 7.<\/strong><\/li>\n<li><strong>Huy\u1ec7n Ch\u00e2u Th\u00e0nh A.<\/strong><\/li>\n<li><strong>Huy\u1ec7n Ch\u00e2u Th\u00e0nh.<\/strong><\/li>\n<li><strong>Huy\u1ec7n Ph\u1ee5ng Hi\u1ec7p.<\/strong><\/li>\n<li><strong>Huy\u1ec7n V\u1ecb Th\u1ee7y.<\/strong><\/li>\n<li><strong>Th\u1ecb X\u00e3 Long M\u1ef9.<\/strong><\/li>\n<li><strong>Huy\u1ec7n Long M\u1ef9.<\/strong><\/li>\n<li><strong>Huy\u1ec7n Gi\u1ed3ng Ri\u1ec1ng \u2013 G\u00f2 Quao ( T\u1ec9nh Ki\u00ean Giang ).<\/strong><\/li>\n<\/ul>\n<p><strong>&nbsp;<\/strong><strong>\u0110\u1ed0I V\u1edaI H\u00c0NG L\u1eba, H\u00c0NG GH\u00c9P ( <\/strong><strong>QU\u00cd KH\u00c1CH GIAO H\u00c0NG RA CH\u00c0NH<\/strong><strong> \u2013 <\/strong><strong>CH\u00c0NH GIAO H\u00c0NG T\u1eacN N\u01a0I <\/strong><strong>)<\/strong><\/p>\n<p>\u0110\u1ecba ch\u1ec9 Ch\u00e0nh (TP. HCM):&nbsp;<strong>203- 205 H\u1ed3 H\u1ecdc L\u00e3m, Ph\u01b0\u1eddng An L\u1ea1c, Qu\u1eadn B\u00ecnh T\u00e2n.<\/strong><br><em>(H\u01b0\u1edbng v\u00e0o c\u1ea3ng Ph\u00fa \u0110\u1ecbnh, t\u1eeb V\u00f5 V\u0103n Ki\u1ec7t v\u00e0o 500m tay ph\u1ea3i)<\/em><br>\u0110i\u1ec7n tho\u1ea1i:&nbsp;<strong>028.3752.2638<\/strong><\/p>\n<p>Th\u1eddi gian: t\u1eeb 8 gi\u1edd \u0111\u1ebfn 18 gi\u1edd - Ch\u1ee7 Nh\u1eadt ngh\u1ec9.<\/p>\n<p>&nbsp;\u0110\u1ecba ch\u1ec9 Ch\u00e0nh T\u1ec9nh (H\u1eadu Giang): 721A Tr\u1ea7n H\u01b0ng \u0110\u1ea1o, P.7, TP. V\u1ecb Thanh, T\u1ec9nh H\u1eadu Giang.<\/p>\n<p>Th\u1eddi gian: t\u1eeb 7 gi\u1edd \u0111\u1ebfn 17 gi\u1edd ( M\u1ed7i ng\u00e0y ).<\/p>\n<p>\u0110i\u1ec7n tho\u1ea1i:&nbsp;<strong>0293.3870.939 \u2013 093.497.2627<\/strong><\/p>\n<p><strong>\u0110\u1ed0I V\u1edaI H\u00c0NG NGUY\u00caN L\u00d4, NGUY\u00caN CHUY\u1ebeN HO\u1eb6C H\u1ee2P \u0110\u1ed2NG D\u00c0I H\u1ea0N<\/strong><\/p>\n<p>Nh\u1eadn h\u00e0ng t\u1eeb V\u0169ng T\u00e0u _\u0110\u1ed3ng Nai _B\u00ecnh D\u01b0\u01a1ng _TPHCM \u0111i t\u1ec9nh H\u1eadu Giang _TP C\u1ea7n Th\u01a1 _ S\u00f3c Tr\u0103ng v\u00e0 ng\u01b0\u1ee3c l\u1ea1i.<br>\u0110\u1ec3 c\u00f3 \u0111\u01b0\u1ee3c gi\u00e1 c\u01b0\u1edbc khi g\u1edfi h\u00e0ng t\u1eeb TPHCM \u0111i H\u1eadu Giang qu\u00ed kh\u00e1ch vui l\u00f2ng cung c\u1ea5p c\u00e1c th\u00f4ng tin sau:<\/p>\n<ol>\n<li>Lo\u1ea1i h\u00e0ng:\u2026\u2026\u2026<\/li>\n<li>S\u1ed1 l\u01b0\u1ee3ng:\u2026..<\/li>\n<li>Tr\u1ecdng l\u01b0\u1ee3ng:\u2026\u2026\u2026(kg)<\/li>\n<li>K\u00edch th\u01b0\u1edbc: D\u00e0i:\u2026 \u2026(cm), r\u1ed9ng:\u2026\u2026. (cm), cao: \u2026\u2026.(cm)<\/li>\n<li>\u0110\u1ecba ch\u1ec9 giao h\u00e0ng:\u2026\u2026\u2026\u2026\u2026\u2026\u2026\u2026\u2026..<\/li>\n<\/ol>\n<p>Li\u00ean h\u1ec7 b\u00e1o gi\u00e1:&nbsp;<strong>0903840917<\/strong>&nbsp;( A.T\u00e8o).<br>Ho\u1eb7c g\u1edfi qua ZALO:&nbsp;<strong>0903840917<\/strong><\/p>\n<p>&nbsp;<\/p><\/div><\/div><\/div><\/div><\/div><\/div><\/div><\/div><div class=\"vce-row-container\" data-vce-boxed-width=\"true\"><div class=\"vce-row vce-row--col-gap-30 vce-row-equal-height vce-row-content--top\" id=\"el-7003de4c\" data-vce-do-apply=\"all el-7003de4c\"><div class=\"vce-row-content\" data-vce-element-content=\"true\"><div class=\"vce-col vce-col--md-50p vce-col--xs-1 vce-col--xs-last vce-col--xs-first vce-col--sm-last vce-col--sm-first vce-col--md-first vce-col--lg-first vce-col--xl-first\" id=\"el-87452d64\"><div class=\"vce-col-inner\" data-vce-do-apply=\"border margin background  el-87452d64\"><div class=\"vce-col-content\" data-vce-element-content=\"true\" data-vce-do-apply=\"padding el-87452d64\"><div class=\"vce-text-block\"><div class=\"vce-text-block-wrapper vce\" id=\"el-d36a3a87\" data-vce-do-apply=\"all el-d36a3a87\"><p><\/p>\n<h1><\/h1>\n<h1><span style=\"font-size: 14pt;\"><span style=\"color: #ff0000;\"><strong>Li\u00ean h\u1ec7 ho\u1eb7c \u0111i\u1ec1n th\u00f4ng tin \u0111\u1ec3 nh\u1eadn b\u00e1o gi\u00e1<\/strong><\/span><\/span><\/h1>\n<p><strong>C\u00f4ng ty TNHH v\u1eadn t\u1ea3i th\u01b0\u01a1ng m\u1ea1i M\u01b0\u1eddi T\u00e8o<\/strong><\/p>\n<h1><\/h1>\n<p class=\"is-layout-flow wp-block-quote-is-layout-flow\">Ch\u00e0nh 1:<strong> 11-13-15 Mai Xu\u00e2n Th\u01b0\u1edfng, P3, Qu\u1eadn 6, TP.HCM<\/strong><\/p>\n<p>Ch\u00e0nh 2:<strong> 203-205 H\u1ed3 Ng\u1ecdc L\u00e3m, P. An L\u1ea1c, Q. B\u00ecnh T\u00e2n, TP.HCM<\/strong><\/p>\n<p>HotLine: <strong>090.384.0917 (Anh T\u00e8o)<\/strong><\/p>\n<h1><\/h1>\n<p class=\"is-layout-flow wp-block-quote-is-layout-flow\">Ch\u00e0nh H\u1eadu Giang: <strong>721A Tr\u1ea7n H\u01b0ng \u0110\u1ea1o, P.7, TP. V\u1ecb Thanh, T\u1ec9nh H\u1eadu Giang<\/strong><\/p>\n<p>Hotline: <strong>093.7757.688 (Ch\u1ecb Nh\u00ed)<\/strong><\/p>\n<h1><\/h1>\n<p><\/p><\/div><\/div><\/div><\/div><\/div><div class=\"vce-col vce-col--md-50p vce-col--xs-1 vce-col--xs-last vce-col--xs-first vce-col--sm-last vce-col--sm-first vce-col--md-last vce-col--lg-last vce-col--xl-last\" id=\"el-abf64503\"><div class=\"vce-col-inner\" data-vce-do-apply=\"border margin background  el-abf64503\"><div class=\"vce-col-content\" data-vce-element-content=\"true\" data-vce-do-apply=\"padding el-abf64503\"><div class=\"vce-shortcode\"><div class=\"vce-shortcode-wrapper vce\" id=\"el-48417882\" data-vce-do-apply=\"all el-48417882\">\n<div class=\"wpcf7 no-js\" id=\"wpcf7-f36-o1\" lang=\"en-US\" dir=\"ltr\">\n<div class=\"screen-reader-response\"><p role=\"status\" aria-live=\"polite\" aria-atomic=\"true\"><\/p> <ul><\/ul><\/div>\n<form action=\"\/index.php\/wp-json\/wp\/v2\/pages\/9#wpcf7-f36-o1\" method=\"post\" class=\"wpcf7-form init\" aria-label=\"Contact form\" novalidate=\"novalidate\" data-status=\"init\">\n<div style=\"display: none;\">\n<input type=\"hidden\" name=\"_wpcf7\" value=\"36\" \/>\n<input type=\"hidden\" name=\"_wpcf7_version\" value=\"5.7.7\" \/>\n<input type=\"hidden\" name=\"_wpcf7_locale\" value=\"en_US\" \/>\n<input type=\"hidden\" name=\"_wpcf7_unit_tag\" value=\"wpcf7-f36-o1\" \/>\n<input type=\"hidden\" name=\"_wpcf7_container_post\" value=\"0\" \/>\n<input type=\"hidden\" name=\"_wpcf7_posted_data_hash\" value=\"\" \/>\n<\/div>\n<p><label> T\u00ean b\u1ea1n<br \/>\n<span class=\"wpcf7-form-control-wrap\" data-name=\"your-name\"><input size=\"40\" class=\"wpcf7-form-control wpcf7-text wpcf7-validates-as-required\" aria-required=\"true\" aria-invalid=\"false\" value=\"\" type=\"text\" name=\"your-name\" \/><\/span> <\/label>\n<\/p>\n<p><label> S\u1ed1 DT<br \/>\n<span class=\"wpcf7-form-control-wrap\" data-name=\"tel-348\"><input size=\"40\" class=\"wpcf7-form-control wpcf7-text wpcf7-tel wpcf7-validates-as-required wpcf7-validates-as-tel\" aria-required=\"true\" aria-invalid=\"false\" value=\"\" type=\"tel\" name=\"tel-348\" \/><\/span> <\/label>\n<\/p>\n<p><label> Lo\u1ea1i h\u00e0ng<br \/>\n<span class=\"wpcf7-form-control-wrap\" data-name=\"text-16\"><input size=\"40\" class=\"wpcf7-form-control wpcf7-text\" aria-invalid=\"false\" value=\"\" type=\"text\" name=\"text-16\" \/><\/span> <\/label>\n<\/p>\n<p><label>S\u1ed1 l\u01b0\u1ee3ng<br \/>\n<span class=\"wpcf7-form-control-wrap\" data-name=\"number-197\"><input class=\"wpcf7-form-control wpcf7-number wpcf7-validates-as-number\" aria-invalid=\"false\" value=\"\" type=\"number\" name=\"number-197\" \/><\/span> <\/label>\n<\/p>\n<p><label>Tr\u1ecdng l\u01b0\u1ee3ng (kg)<br \/>\n<span class=\"wpcf7-form-control-wrap\" data-name=\"number-197\"><input class=\"wpcf7-form-control wpcf7-number wpcf7-validates-as-number\" aria-invalid=\"false\" value=\"\" type=\"number\" name=\"number-197\" \/><\/span> <\/label>\n<\/p>\n<p><label>K\u00edch th\u01b0\u1edbc (D\u00e0i x R\u1ed9ng x Cao)-cm<br \/>\n<span class=\"wpcf7-form-control-wrap\" data-name=\"text-16\"><input size=\"40\" class=\"wpcf7-form-control wpcf7-text\" aria-invalid=\"false\" value=\"\" type=\"text\" name=\"text-16\" \/><\/span> <\/label>\n<\/p>\n<p><label>\u0110\u1ecba ch\u1ec9 giao h\u00e0ng<br \/>\n<span class=\"wpcf7-form-control-wrap\" data-name=\"text-16\"><input size=\"40\" class=\"wpcf7-form-control wpcf7-text\" aria-invalid=\"false\" value=\"\" type=\"text\" name=\"text-16\" \/><\/span> <\/label>\n<\/p>\n<p><input class=\"wpcf7-form-control has-spinner wpcf7-submit\" type=\"submit\" value=\"G\u1eedi\" \/>\n<\/p><div class=\"wpcf7-response-output\" aria-hidden=\"true\"><\/div>\n<\/form>\n<\/div>\n<\/div><\/div><\/div><\/div><\/div><\/div><\/div><\/div>","protected":false},"excerpt":{"rendered":"<p>Nh\u1eadn v\u1eadn chuy\u1ec3n t\u1ea5t c\u1ea3 c\u00e1c m\u1eb7t h\u00e0ng b\u1eb1ng \u0111\u01b0\u1eddng b\u1ed9 ( Tr\u1eeb h\u00e0ng c\u1ea5m, h\u00e0ng vi ph\u1ea1m ph\u00e1p lu\u1eadt ) V\u1edbi xe \u00f4 t\u00f4 t\u1ea3i t\u1eeb 2.500kg cho \u0111\u1ebfn \u00f4 t\u00f4 t\u1ea3i \u0111\u1ea7u k\u00e9o 40 feet. T\u1eeb&nbsp; TPHCM \u0111i &hellip; <a href=\"https:\/\/chanhxemuoiteo.com\/\">Continue reading <span class=\"meta-nav\">&rarr;<\/span><\/a><\/p>\n","protected":false},"author":1,"featured_media":0,"parent":0,"menu_order":0,"comment_status":"closed","ping_status":"closed","template":"","meta":{"footnotes":""},"class_list":["post-9","page","type-page","status-publish","hentry"],"_links":{"self":[{"href":"https:\/\/chanhxemuoiteo.com\/index.php\/wp-json\/wp\/v2\/pages\/9","targetHints":{"allow":["GET"]}}],"collection":[{"href":"https:\/\/chanhxemuoiteo.com\/index.php\/wp-json\/wp\/v2\/pages"}],"about":[{"href":"https:\/\/chanhxemuoiteo.com\/index.php\/wp-json\/wp\/v2\/types\/page"}],"author":[{"embeddable":true,"href":"https:\/\/chanhxemuoiteo.com\/index.php\/wp-json\/wp\/v2\/users\/1"}],"replies":[{"embeddable":true,"href":"https:\/\/chanhxemuoiteo.com\/index.php\/wp-json\/wp\/v2\/comments?post=9"}],"version-history":[{"count":16,"href":"https:\/\/chanhxemuoiteo.com\/index.php\/wp-json\/wp\/v2\/pages\/9\/revisions"}],"predecessor-version":[{"id":56,"href":"https:\/\/chanhxemuoiteo.com\/index.php\/wp-json\/wp\/v2\/pages\/9\/revisions\/56"}],"wp:attachment":[{"href":"https:\/\/chanhxemuoiteo.com\/index.php\/wp-json\/wp\/v2\/media?parent=9"}],"curies":[{"name":"wp","href":"https:\/\/api.w.org\/{rel}","templated":true}]}}